{"id":43,"date":"2009-12-12T00:57:33","date_gmt":"2009-12-11T23:57:33","guid":{"rendered":"http:\/\/www.uss-rogue.de\/prawda\/?page_id=43"},"modified":"2011-01-14T18:40:24","modified_gmt":"2011-01-14T17:40:24","slug":"faq","status":"publish","type":"page","link":"https:\/\/www.sf-germany.com\/ressorts\/prawda\/?page_id=43","title":{"rendered":"FAQ"},"content":{"rendered":"<p>Allgemeine Fragen und Antworten<\/p>\n<ul>\n<li><strong>1.01 Was ist die Prawda?<\/strong><br \/>\nDie Prawda ist eine SFG-interne Zeitung, die von m\u00f6glichst allen Schiffen, Raumstationen und sonstigen Einheiten der SFG berichtet. Sie fasst das RPG-Geschehen auf den Einheiten kurz, \u00fcbersichtlich und unterhaltsam zusammen, oder zumindest versucht sie das. NRPG-Nachrichten enth\u00e4lt sie nur selten.<\/li>\n<p><\/p>\n<li><strong>1.02 Was will die Prawda erreichen?<\/strong><br \/>\nDie Prawda will Dir das Gef\u00fchl vermitteln, dass Deine Einheit nicht allein vor sich hin existiert, sondern tats\u00e4chlich ein Teil des gro\u00dfen gemeinsamen Universums der SFG ist.<br \/>\nDabei gibt es drei wichtige Aspekte:<br \/>\n<strong>&#8211; Informationsaustausch<\/strong>: Die Prawda informiert Dich, was auf anderen Einheiten geschieht, wie die dortigen Missionen verlaufen und was sich im zwischenmenschlichen Bereich so tut. Hier kannst Du erfahren, was aus Deinen Mitkadetten aus dem Holodeck geworden ist; oder wie es Deinem Ex-CING ergeht, der k\u00fcrzlich als 2O auf eine andere Einheit gewechselt ist; oder welche Abenteuer das Schiff erlebt, mit dem Du im letzten Jahr ein Joint-Venture hattest. Manchmal kann man diese Informationen auch gut ins eigene RPG einflie\u00dfen lassen. Wenn Dein Char zum Beispiel liest, dass sein Mitkadett aus der gemeinsamen Holodeck-Pr\u00fcfung bef\u00f6rdert worden ist, ist es bestimmt eine M\u00f6glichkeit f\u00fcr ein gutes RPG.<br \/>\n<strong>&#8211; Zeitlinienmissionen<\/strong>: Von Zeit zu Zeit werden in der SFG &#8222;globalere&#8220; Missionen gespielt, so genannte Zeitlinienmissionen. Dabei spielen die Einzelmissionen der vielen beteiligten Einheiten vor einem gemeinsamen Hintergrund. W\u00e4hrend solcher Zeitlinienmissionen kann es vorkommen, dass die Geschehnisse auf einem anderen Schiff direkte Auswirkungen auf die Mission Deiner Einheit haben. Wenn zum Beispiel eine andere Einheit einen Friedensvertrag mit einem Volk schlie\u00dft, das in Eurer Mission auch vorkommt, dann werden die Angeh\u00f6rigen dieses Volkes sich Euch gegen\u00fcber jetzt anders verhalten. Wegen solcher Zusammenh\u00e4nge ist es wichtig, dass Du m\u00f6glichst gut Bescheid wei\u00dft, was auf den anderen Einheiten gerade geschieht. Die Prawda hilft mit, Dich mit den n\u00f6tigen Informationen zu versorgen.<br \/>\n&#8211; <strong>Bekanntschaftsgrad<\/strong>: Die Prawda macht au\u00dferdem Deine eigene Einheit und Deine Charaktere bekannter, so da\u00df Du vielleicht schon erkannt wirst, wenn Du mal im Chat vorbeischaust oder auf ein Treffen kommst.<\/li>\n<p><\/p>\n<li><strong>1.03 Welche Formate gibt es und wie kann ich sie beziehen?<\/strong><br \/>\nDie einzelnen Artikel werden von den Reportern hier auf der Webseite ver\u00f6ffentlicht. Der beste Weg immer auf dem aktuellsten Stand zu bleiben ist den <strong><a title=\"RSS-Feed\" href=\"https:\/\/www.sf-germany.com\/ressorts\/prawda\/?feed=rss2\" target=\"_blank\">RSS-Feed<\/a><\/strong> zu abonnieren.<\/li>\n<p><\/p>\n<li><strong>1.04 \u00c4rger mit der Prawda &#8211; was tun?<\/strong><br \/>\nDie Prawda will keinesfalls andere Spieler vor den Kopf sto\u00dfen oder gar verletzen. Trotzdem kommt das gelegentlich vor. Wir<br \/>\nbem\u00fchen uns, so etwas zu vermeiden, aber wir bitten um Verst\u00e4ndnis daf\u00fcr, dass wir nicht immer die Befindlichkeiten jedes Spielers richtig einsch\u00e4tzen k\u00f6nnen. Wir haben einfach nicht die Zeit, um alle Passagen mit allen Spielern abzustimmen. Wir k\u00f6nnen auch nicht bei jeder Formulierung peinlich genau darauf achten, ja niemandem auf die F\u00fc\u00dfe zu treten, denn das Ergebnis w\u00e4ren staubtrockene, langweilige, humorlose Texte, die niemand lesen will. Also nehmen wir in Kauf, dass wir<br \/>\ngelegentlich die Lage falsch einsch\u00e4tzen und sich jemand \u00fcber uns \u00e4rgert.<br \/>\nWas tut man in einem solchen Fall?<br \/>\nDu kannst Dich erst mal an den Chefredakteur wendet. Dieser wird im Gespr\u00e4ch mit Dir (und gegebenenfalls dem betroffenen Reporter) versuchen, Deinen \u00c4rger zu verstehen, den Schaden zu begrenzen und eine tragf\u00e4hige Regelung f\u00fcr die<br \/>\nZukunft zu finden.<br \/>\nEine weitere L\u00f6sungsm\u00f6glichkeiten bestehen z.B. darin, dass du die Kommentarfunktion de jeweiligen Artikels benutzt um deinem \u00c4rger Luft zu machen. Die Prawda wird versuchen jeden Kommentar zu pr\u00fcfen und wenn m\u00f6glich darauf antworten.Auch kannst Du eine Gegendarstellung verfassen und diese \u00fcber einen Reporter deiner Wahl oder direkt beim Chefredakteur einreichen und ihn ver\u00f6ffentlichen lassen.<br \/>\nWenn wir ernsthaft Mist gebaut haben, drucken wir auch eine \u00f6ffentliche Entschuldigung, falls Du darauf Wert legst.<br \/>\nSollten wir nicht zu einer einvernehmlichen L\u00f6sung kommen, dann steht Dir noch immer der Weg zum FKOM offen, der f\u00fcr die Schlichtung solcher Streitigkeiten zust\u00e4ndig ist. Bitte versuche aber vorher, das Problem zun\u00e4chst mit dem Chefredakteur zu l\u00f6sen.<\/li>\n<p><\/p>\n<li><strong>1.05 Ich hab da eine Idee zur Prawda&#8230;<\/strong><br \/>\nPrima \ud83d\ude42 &#8211; f\u00fcr neue Ideen haben wir immer ein offenes Ohr. Wenn Du auf einen Artikel reagieren m\u00f6chtest oder nur mal eben so einen Geistesblitz hast, schickst Du Deinen Beitrag am besten direkt an den Chefredakteur der Prawda.<br \/>\nDu kannst einen Leserbrief schreiben, eine Gegendarstellung verfassen, etwas Klatsch verbreiten, ein Ger\u00fccht streuen, ein Kochrezept ver\u00f6ffentlichen, f\u00fcr Deine Bar werben, eine Kontaktanzeige schalten &#8230; die Prawda ist eine Zeitung, an der <strong>*jeder*<\/strong> mitarbeiten kann, und niemand hat vor, Eurer Phantasie da gro\u00df Grenzen zu setzen.<\/li>\n<\/ul>\n","protected":false},"excerpt":{"rendered":"<p>Allgemeine Fragen und Antworten 1.01 Was ist die Prawda? Die Prawda ist eine SFG-interne Zeitung, die von m\u00f6glichst allen Schiffen, Raumstationen und sonstigen Einheiten der SFG berichtet. Sie fasst das RPG-Geschehen auf den Einheiten kurz, \u00fcbersichtlich und unterhaltsam zusammen, oder zumindest versucht sie das. NRPG-Nachrichten enth\u00e4lt sie nur selten. 1.02 Was will die Prawda erreichen? [&hellip;]<\/p>\n","protected":false},"author":8,"featured_media":0,"parent":0,"menu_order":0,"comment_status":"open","ping_status":"closed","template":"","meta":{"footnotes":""},"class_list":["post-43","page","type-page","status-publish","hentry"],"_links":{"self":[{"href":"https:\/\/www.sf-germany.com\/ressorts\/prawda\/index.php?rest_route=\/wp\/v2\/pages\/43","targetHints":{"allow":["GET"]}}],"collection":[{"href":"https:\/\/www.sf-germany.com\/ressorts\/prawda\/index.php?rest_route=\/wp\/v2\/pages"}],"about":[{"href":"https:\/\/www.sf-germany.com\/ressorts\/prawda\/index.php?rest_route=\/wp\/v2\/types\/page"}],"author":[{"embeddable":true,"href":"https:\/\/www.sf-germany.com\/ressorts\/prawda\/index.php?rest_route=\/wp\/v2\/users\/8"}],"replies":[{"embeddable":true,"href":"https:\/\/www.sf-germany.com\/ressorts\/prawda\/index.php?rest_route=%2Fwp%2Fv2%2Fcomments&post=43"}],"version-history":[{"count":10,"href":"https:\/\/www.sf-germany.com\/ressorts\/prawda\/index.php?rest_route=\/wp\/v2\/pages\/43\/revisions"}],"predecessor-version":[{"id":224,"href":"https:\/\/www.sf-germany.com\/ressorts\/prawda\/index.php?rest_route=\/wp\/v2\/pages\/43\/revisions\/224"}],"wp:attachment":[{"href":"https:\/\/www.sf-germany.com\/ressorts\/prawda\/index.php?rest_route=%2Fwp%2Fv2%2Fmedia&parent=43"}],"curies":[{"name":"wp","href":"https:\/\/api.w.org\/{rel}","templated":true}]}}